f - 6155 = -0*f. Is m a composite number?
False
Let f(n) = -6*n + 2*n + 3*n - 4*n. Let k be f(-1). Suppose 2*l + 3*h - 327 = 0, -l + 333 = l + k*h. Is l prime?
False
Suppose 19*i - 59 = 18*i. Is i prime?
True
Let a(u) = 23*u**2 + 10*u - 14. Suppose -3*q - 38 = -65. Is a(q) a composite number?
True
Suppose -24*d = -29*d + 23415. Suppose -d = 12*q - 15*q. Is q composite?
True
Suppose -4*g + 35 = 3*q, -g - g = 4*q - 30. Suppose -2*a - 334 = -s, 2*s = -s - q*a + 1002. Is s*10*(-2)/(-8) a composite number?
True
Let y be 1/2 + 13/(-26). Suppose -4*b = -3*i + 455, y*i + 4*b = 5*i - 753. Is i a composite number?
False
Suppose 48*a - 53*a + 1325 = 0. Let s = -147 + a. Is s a composite number?
True
Let g(t) = -t**2 - 7*t - 2. Let x be g(-6). Suppose -5*r + 0 = -2*l - 10, x*l + 2*r + 44 = 0. Let p = l - -14. Is p a composite number?
True
Suppose 94*v = 71*v + 416737. Is v composite?
False
Let j(a) = -13*a**3 - 5*a**2 - 2*a - 2. Let q be j(5). Is q/(-6) + (-16)/24 prime?
True
Let y(r) = 8*r**3 + 2*r**2 - 2*r + 1. Let a be y(1). Suppose 4*h = a*h - 1205. Suppose f - 52 - h = 0. Is f prime?
True
Suppose -10*j = -13*j + 128373. Is j a composite number?
True
Suppose 5*q - 7 = 3. Is 4580/36 - q/9 prime?
True
Suppose 2*i - 14 = 5*i + s, 2*i - 2*s + 12 = 0. Let z = 10 + i. Suppose -2*b + 262 = -c, -z*b + 4*c + 649 = -0*b. Is b a prime number?
False
Let m be (2 - 4)*2775/(-10). Suppose m = 4*f - y, -5*f - y = 3*y - 699. Is f composite?
False
Let j(g) = g**3 - g**2 - g + 168. Let v be (-1)/(-1)*(5 - 5). Let w be j(v). Let l = -91 + w. Is l composite?
True
Let c(j) = -18*j**3 - j - 1. Let t be c(-1). Let z be 1234/6 - 12/t. Let y = z - 120. Is y composite?
True
Let v(n) be the second derivative of -43*n**3 + n**2/2 - n. Is v(-1) a prime number?
False
Let s = -74 + 25. Let x be 248/3 + 2/(-3). Let a = s + x. Is a prime?
False
Suppose 0 = -3*r - 4*j - 7, 2*r - r = -3*j - 9. Suppose 0*c = -r*c - 6. Is 11 + (c - -1) + 0 a composite number?
True
Suppose -2*h - 108001 = -19*h. Is h a prime number?
True
Suppose 0 = -4*k + 6*k - 4. Let z be (2 - 1)/(k/(-10)). Let b(a) = -a**3 + 2*a**2 - 6*a - 2. Is b(z) a composite number?
True
Let v = -4737 - -9758. Is v a prime number?
True
Suppose 0*m - 3*r - 238 = -2*m, -2*m - 5*r + 238 = 0. Let n = m - 54. Suppose 2*l - 7*l = -n. Is l composite?
False
Let o(a) = 13*a**3 - 3*a**2 - 5. Let b(d) = -d. Let g be b(-4). Is o(g) composite?
True
Let u(j) = j**2 + 11*j - 3. Let o(r) = -r**2 - 15*r - 3. Let p be o(-16). Is u(p) composite?
False
Let j be (-2 - 2 - -12)*31. Let a = j + -121. Suppose l + a = 6*l - 3*o, 0 = -2*l - 4*o + 30. Is l prime?
True
Let n be 1765/65 - 7 - (-4)/(-26). Let g(d) = d**3 - 18*d**2 - 34*d - 43. Is g(n) prime?
False
Let r = 4676 - -15057. Is r a prime number?
False
Suppose -5*t = -3*a + 1456, -5*a + 3*t = -203 - 2197. Suppose 3*x - 5*s - 1397 = 0, 4*s - a = -3*x + 2*x. Is x prime?
False
Suppose -11*a + 48796 - 4961 = 0. Is a prime?
False
Suppose 8*f - 145977 = 91759. Is f prime?
True
Suppose 3*t + 0*t + 84 = 0. Suppose 0 = -11*z + 19 + 14. Is t/21 - (-2041)/z a composite number?
True
Suppose -564831 + 229635 = t. Is t/(-99) - (-4)/22 composite?
True
Let a(d) = -d**2 + 3*d + 5. Let l(z) = -z**2 - z. Let f(k) = -2*a(k) - 2*l(k). Is f(-8) a prime number?
False
Let b = 933 - 362. Is b composite?
False
Let a(g) = 5*g**3 + 4*g**2 + 4*g - 9. Let n be a(-3). Let i = 598 + n. Is i a prime number?
False
Suppose -3*j - 5*a = -19, 5*j - 36 = -4*a - 0*a. Is ((-1)/((-8)/(-574)))/((-2)/j) a prime number?
False
Let s(v) = 498*v**2 - 5*v + 2. Let z be s(-2). Suppose 0 = -5*n + z + 451. Is n a composite number?
False
Let m be -1*(-3)/(-4)*-4. Suppose 5*x - x - 3*p = 2616, -4*x - 4*p = -2616. Suppose 2*o + 0*o = -m*s + 323, 2*s + x = 4*o. Is o a prime number?
True
Let w = -5 - -9. Is 2/(w + -2) + 334 a composite number?
True
Let y(v) = 10*v**2 - 3*v - 5. Suppose -2*n + 4*w = 2*w, 4*n = -4*w + 16. Suppose 0 = 5*a + 2*g + 32, -n*a - 3*g - 9 = -6*g. Is y(a) a composite number?
False
Let w(q) = -q**2 - 4*q. Let p be w(-3). Suppose -2*v - 3*f - 23796 = -6*v, -3*v + p*f + 17850 = 0. Suppose 0 = -4*a + 2674 + v. Is a prime?
False
Suppose 6*x - 3*x = 5*c + 29093, 48447 = 5*x + 2*c. Is x a prime number?
False
Suppose 7153 + 1037 = 5*c + 5*w, 6546 = 4*c + w. Let y = c - -1183. Is y a prime number?
True
Suppose -3*v = -2*r - 13, 0 = 2*v - 2*r + 2 - 10. Let p(k) = -1 - k**3 + 5 - k + 9*k**2 - 2*k. Is p(v) a composite number?
False
Let m(i) = 9*i - 30. Let o be m(18). Suppose 4*k - o = -0*k. Is k prime?
False
Let f be 2/(-9) + 27382/18. Is ((-2)/(-6))/(3/f*1) a prime number?
False
Suppose 0 = 4*b - 4, 5*b - 4*b - 601 = 2*m. Let z = 209 - m. Is z a prime number?
True
Suppose -2*u - 109 = 93. Let c = u - -108. Is c a prime number?
True
Suppose -5*r = -w - 2*w - 28, -2*r = w - 9. Let f(a) = a**3 + 13*a**2 - 15*a + 16. Is f(r) prime?
False
Suppose -1 = k - 6. Suppose 5*v = -k*m + 3675, m + 0*m = v + 739. Is m composite?
True
Suppose 5*c - 1674 - 9987 = 4*f, c + 4*f - 2337 = 0. Is c composite?
False
Let g(n) = -n**3 - 4*n**2 - 2. Let j be g(-4). Suppose 120 = -2*s + 12*s. Let p = s - j. Is p a composite number?
True
Suppose 9 = 2*i - i. Suppose -r - 2*r = -i. Suppose -r*q + 2*v + 21 = 0, q + v = -v + 7. Is q composite?
False
Suppose -8615 = -45*d + 40*d. Is d composite?
False
Let c(m) = -2*m**3 - 3*m**2 - 6*m - 17. Let i be c(-6). Let h = i - -64. Is h composite?
True
Let c(g) = -63*g + 1. Is c(-11) prime?
False
Suppose -d + 221 = 5*x, 0*x - 5*d + 160 = 4*x. Let j = 8 + x. Is (j - -2) + 2/(-1) a prime number?
True
Suppose -67*g + 72*g - 22535 = 0. Is g a prime number?
True
Let c(a) = -2*a - 3. Let o be c(-4). Suppose -m - 3 = -2*r + 6, -o*r - 5*m = -60. Suppose -r*f + 580 = -3*f. Is f prime?
False
Suppose 0 = 19*t - 15*t - 252. Suppose -2*m = 2*j - 106, -3*j - t - 96 = -3*m. Is m prime?
True
Is 1/((-5)/(-10)) + 1397 + 6 composite?
True
Let j be 44/10 - 8/20. Suppose 5*q = -5*h - 25, j*h - 2*q = 3*q + 25. Suppose y = -h + 14. Is y a prime number?
False
Let n = 21152 - 11385. Is n a prime number?
True
Let k = 146 - 144. Suppose -769 = -m - k*t, -3*m + 6*m = t + 2314. Is m a composite number?
True
Let q(h) = h**3 + 27*h**2 + 6*h - 65. Let f be q(-27). Suppose v = -4*v + 2*z - 2134, 0 = -5*v + z - 2132. Let i = f - v. Is i composite?
False
Let l = 13 + 12. Suppose -5*b - l + 100 = 0. Is ((-22)/(-3))/(10/b) a prime number?
True
Let b(r) = r**2 - 14*r + 4. Let n be b(14). Suppose -2*m + 581 = i, 606 = m + m - n*i. Is m prime?
True
Is (-184)/644 - 172134/(-14) composite?
True
Let a(y) = 9 + 11 + 12 - 298*y - 5. Is a(-10) prime?
False
Suppose 8*o - 172441 + 3473 = 0. Is o a prime number?
True
Let m = -6 - -8. Suppose -m*f - 1964 = -4*y, 4*y + 0*y - 1976 = -f. Is y a composite number?
True
Is 30/(-45) - 31217/(-3) a prime number?
False
Let b = 14 - 10. Suppose 4*j - j + 2*q = -8, -2*j + b*q = -16. Suppose 3*v = -2*s - j*s + 748, 4*v = -8. Is s prime?
False
Let w(t) = 19*t - 3. Let r(q) = 2*q - 7. Let u be r(5). Let a be w(u). Suppose 2*i - 4*k - 8 = a, -4*k + 93 = 3*i. Is i composite?
False
Suppose -4*w + 7 + 1 = 0. Suppose -w*p + 2 = 3*v + 2*v, -5*v = 5*p + 10. Let i(z) = -4*z**3 - z**2 + 5*z + 3. Is i(p) a prime number?
True
Suppose -h + 64 + 2 = 0. Let r be h/(-1) + -4 - -4. Let l = -7 - r. Is l a composite number?
False
Let d(m) = -m**3 + m**2 + 3*m + 8059. Is d(0) a prime number?
True
Let m be (-3)/12 - 11/4. Let s = m - -12. Is s/15 - (-584)/10 composite?
False
Suppose 3*s - 5*s + 16688 = 2*i, 4*i - 33382 = 2*s. Is i a composite number?
True
Let n(c) = -c**3 - 26*c**2 - 50*c + 40. Is n(-31) a prime number?
False
Suppose -14*s + 23*s = 107829. Is s composite?
False
Let c(i) = -46*i - 20. Let a be c(-7). Let m = 304 + -488. Let t = a + m. Is t a composite number?
True
Let j = -30 - -32. Suppose -t = 4*r - 1149, 0 = 4*r + r - j*t - 1433. Is r composite?
True
Let k = -1453 - -9806. Is k prime?
True
Let a = 6564 - 1612. Suppose -2*v + n - 2645 - 4178 = 0, -3*v - 10252 = -5*n. Let z = v + a. Is z a composite number?
False
Suppose -3*i - 24662 = -5*z - 5*i, 9884 = 2*z - 4*i. Is z a prime number?
False
Suppose 0 = 42*a + 223 - 55. Let i = -5299 + 9991. Is i/16 - (-1)/a a prime number?
True
Let f be (-17889 + (-3 - -5))*-1. Suppose k + 44709 = 5*x - 3*k, f 